 v(-26).
1
Suppose 3*z + 14*z = 4420. Let b = -262 + z. Let f(d) = -3*d**2 + 0*d + d + 0*d. Calculate f(b).
-14
Let i(v) = -v**3 + 40*v**2 + 4*v - 164. Suppose -5*w - 2*w + 659 - 379 = 0. Calculate i(w).
-4
Let y(f) be the second derivative of -1 + 1/12*f**4 - 1/2*f**2 + 9*f - 1/2*f**3. Determine y(-1).
3
Let p(g) = g**3 + 6*g**2 - 2*g - 8. Let c be p(-6). Let i(n) be the second derivative of 0 - 1/3*n**3 + 16*n + 1/2*n**2. Determine i(c).
-7
Let i(c) be the third derivative of -c**5/60 - 5*c**4/12 - 7*c**3/6 - 575*c**2. Give i(0).
-7
Let o(i) = 2*i + 132*i**3 + 6*i**2 + 3*i**2 - 63*i**3 + 5 - 3*i**2 - 68*i**3. Determine o(-7).
-58
Let y(h) = 5*h - 3 - 9*h + 2*h. Suppose 134*r - 236 = -1067 - 241. Calculate y(r).
13
Let a(s) = -7*s**2 - s + 1. Let u(l) = 21*l - 211. Let w be u(10). Let r(i) = -i**2 - i. Let q(z) = w*a(z) + r(z). Calculate q(1).
5
Let d be 90/(-16) - 129/344. Let v(y) = -y**2 - 8*y - y - 60 + 46. What is v(d)?
4
Let y = -4233 - -4230. Let s(c) = -19*c + 7. Give s(y).
64
Let x(v) be the third derivative of v**4/3 + 3*v**2 + 382*v + 1. Suppose 2*y = 7*y - 10. Determine x(y).
16
Let k(y) = -y + 2. Suppose -5*d - 44 + 54 = 0. Let q(v) = v**2 - 2*v - 28. Let w(u) = d*k(u) - q(u). Determine w(0).
32
Let o(z) = z**2 + 10*z - 24. Let u be -53 - 15/((-75)/40). Let d(n) = 5*n**2 + 226*n + 33. Let x be d(u). What is o(x)?
0
Suppose 49 = 14*a - 91. Let v(z) = 4*z - 12. Determine v(a).
28
Let l(a) = -3 + 11*a**2 - 5 + 4*a + 0*a - 5*a**2 - a**3. Let n be l(6). Suppose -k = 7*k + n. Let m(o) = 3*o**3 + o**2 - 3*o - 1. What is m(k)?
-15
Let p(i) = 5*i**2 - 60*i + 45. Let g(o) = -7*o**2 + 77*o - 46. Let a(w) = 3*g(w) + 4*p(w). Calculate a(-10).
32
Let r(g) = -375*g + 125. Let v(o) = -68*o + 25. Let b(p) = -2*r(p) + 11*v(p). Give b(8).
41
Let d(n) = -n**2 + 13. Suppose 4*c = 3*z + 41, z + 9*c = 4*c - 1. Give d(z).
-108
Let c(s) = 6*s**2 + 3*s - 3. Let n be 1/(2/(6 + -28)*-11). Calculate c(n).
6
Let g be 16/(-96) - (578/(-12) + 1). Let f(l) = 20 + 5*l + 16 + 14 - g + l**2. Let r be ((-8)/(-6))/(1/(-3)). Determine f(r).
-1
Let j(x) = 3*x**3 - 25*x**2 - 6*x - 4. Let c(d) = -2*d**3 + 10*d**2 - d. Let l(k) = -2*c(k) - j(k). Give l(-1).
0
Let l(c) = 66*c**2 + c + 29. Let x(z) = -79*z**2 + 2*z - 31. Let r(u) = 6*l(u) + 5*x(u). Give r(-10).
-41
Let y(f) be the third derivative of -f**5/60 - f**4/4 + 2*f**3/3 - 2*f**2 + 53*f - 11. Let b(z) = z - 2. Let c be b(-6). Determine y(c).
-12
Let u(h) = 1 - 5*h**3 - h**2 + 23*h + 19*h - 38*h + 2*h**3 - 5. Give u(1).
-4
Let f(l) be the third derivative of 0*l**4 + 1/30*l**5 - 2*l**2 - 24*l - 11/120*l**6 - 1/6*l**3 + 0. Let r = 3 + -2. Calculate f(r).
-10
Suppose 0 = -3*q - m + 69, 3*q - 7*m = -4*m + 69. Let u(n) = 29 - 55 - 2*n + q. Give u(-6).
9
Let a(y) = 36*y - 1595. Let s be a(45). Let d(n) = -4*n + 71. Calculate d(s).
-29
Let z(l) = 11*l**3 - 12*l**2 - 9*l. Let g(s) = -3*s**3 + s**2 - 1. Suppose 5*n + 96 = 101. Let o(x) = n*z(x) + 4*g(x). Suppose 1 = -4*d - 27. Determine o(d).
10
Let y(q) be the third derivative of -q**5/60 + q**4/12 + q**3/6 - 538*q**2 - 1. Give y(2).
1
Let a(d) = 5*d - 28 - 4*d + 27. Suppose 63*s - 137*s = 518. Give a(s).
-8
Let t be 11 - (23 + -7)/16. Let a(d) = 11*d**2 - 110*d - 1. Give a(t).
-1
Let v(t) = -3*t**3 + 132*t**2 + t - 36. Let l be v(44). Let c(i) = i**3 - 9*i**2 + 7*i + 12. What is c(l)?
4
Let t(r) = r**3 - 8*r**2 - 24*r + 28. Let y be t(10). Let x(l) be the first derivative of l**3/3 + 15*l**2/2 + 8*l + 209. What is x(y)?
-28
Let f = 152 + -146. Let a(p) = 5*p - 24. Calculate a(f).
6
Let q(c) = 9 - 137*c + c**2 + 302*c - 152*c. Calculate q(-7).
-33
Let h(w) = -w**3 - 11*w**2 + 7*w + 24. Suppose -21*k - 17*k - 341 = -7*k. Give h(k).
-53
Let v = -9260 - -9278. Let f(q) = 3*q - 94. Calculate f(v).
-40
Let k = 19429 - 19404. Let i(f) be the third derivative of k*f**2 + 1/24*f**4 + 1/120*f**6 + 0*f**5 + 0*f + 0 - 10/3*f**3. Determine i(0).
-20
Let r(b) = -4 - 9 - 8 + 26 + 3*b - 1. Let i(c) = -2*c + 9. Let p be i(6). Give r(p).
-5
Suppose 3*j + 1 = 7. Let r(z) = 5*z**3 - 5*z**2 + j - 2 - 6*z**3. Suppose -25*q = -369*q - 1720. Determine r(q).
0
Let x(r) = 168*r**2 + 3*r - 27. Let a(t) = -59*t**2 - t + 9. Let f(s) = 17*a(s) + 6*x(s). Give f(-3).
33
Suppose -5*m = z - 2*m + 10, -4*m = -2*z - 10. Let t(s) = 2*s**2 + 8*s - 16. Let k be t(z). Suppose 31 = -a + k. Let q(j) = j + 1. Give q(a).
-4
Suppose 0 = -3*d - 9 - 21. Let a be (d/6 - 1)/((-16)/24). Let u(i) = 25 + 21 + 5*i - 50 - a*i. Determine u(5).
1
Let r(a) = -16*a + 34. Let h be r(6). Let k = h - -55. Let y(i) = -i**3 - 6*i**2 + 6*i - 2. Calculate y(k).
5
Let b(a) = -a**2 + 3*a + 104. Let h(o) = o**2 + 19*o - 360. Let f be h(-31). Give b(f).
-4
Suppose -252 = 173*f - 179*f. Suppose 8*z = 22*z + f. Let b(i) be the second derivative of i**5/20 + 5*i**4/12 + i**3/3 - i**2 + 3*i. Determine b(z).
10
Let q be 18/10 - (-584)/(-730). Let g(d) = -122*d**3 + d**2 - 1. Determine g(q).
-122
Let p(k) = 83*k - 86. Let y(x) = -123*x + 88. Let h(z) = 3*p(z) + 2*y(z). Give h(29).
5
Let w(s) be the first derivative of -11*s**4/3 + s**3/6 - 118*s - 152. Let u(v) be the first derivative of w(v). Determine u(1).
-43
Suppose -5*j - s = -28, -2*j = -2*s + 39 - 55. Let d(k) = -25*k + 10. Let x(p) = -4*p + 1. Let g(a) = j*x(a) - d(a). Suppose 0 = 4*i - 0*i. Give g(i).
-4
Let n(y) = -247*y + 1537. Let s(r) = 127*r - 770. Let h(m) = -4*n(m) - 9*s(m). What is h(5)?
7
Let y(o) = -46*o + 18*o**2 + 128*o - 51*o - 32*o. Determine y(1).
17
Let t(c) be the first derivative of -1/4*c**4 + c**3 + 1 - 1/2*c**2 - c. Let j be (492/205)/(8/(-20)) - (-1 + -8). Determine t(j).
-4
Suppose -m = 1 - 2. Let t(w) = -4*w + w - w**2 + 0 - m. Let i(l) = 112*l + 1565. Let h be i(-14). What is t(h)?
-1
Let v = -1456 + 1451. Let o = 16 + -14. Let f(g) = -3 + 3 - 4 - g**o + g**3 + 5*g + 7*g**2. Calculate f(v).
-4
Let j(b) = -2*b**2 - b + 1. Let l = 99 + -164. Let f = 29 - l. Let d = -93 + f. Give j(d).
-2
Let w(k) = 19*k + 29 - 34 + 41 - 27*k**2 + 17 + 3. Let i(j) = -5*j**2 + 4*j + 11. Let c(b) = 11*i(b) - 2*w(b). What is c(6)?
9
Let h(d) = -27 - 106 + 10*d + 115. Calculate h(2).
2
Let b(g) be the first derivative of g**2/2 + g + 24. Let l(h) = 12*h + 92. Let i be l(-8). Calculate b(i).
-3
Let q be 65/(-78) - (2/(-4) - 1). Let u(n) be the first derivative of 1/4*n**4 + 17 - 2*n**2 + q*n**3 + n. What is u(-3)?
4
Let s(l) be the second derivative of l**6/720 + l**5/60 - l**4/6 - 2*l. Let n(b) be the third derivative of s(b). Let m = -476 + 470. Calculate n(m).
-4
Let n(w) be the first derivative of w**2/2 - 12*w - 18558. Let u(v) = -2*v**3 - 2*v**2 - 2. Let h be u(-2). Calculate n(h).
-6
Let z(m) = -4*m - 1. Let q = 4620 + -4614. Calculate z(q).
-25
Let z(l) = 16*l + 5 + 36*l + 2*l**2 - 44*l. Calculate z(-4).
5
Suppose 5*t - 4*t - 4*i - 726 = 0, -3*t + 2212 = 5*i. Let a = 725 - t. Let z(x) = -x - 6 + 1 - 6. Give z(a).
-2
Let o(w) = 11*w**3 + 37*w**2 - 50*w - 15. Let z(b) = -6*b**3 - 19*b**2 + 25*b + 7. Let h(r) = -7*o(r) - 13*z(r). Calculate h(9).
-4
Let t(a) = -12*a**2 - 36*a - 45. Let m(j) = -5*j**2 - 17*j - 22. Let o(z) = 5*m(z) - 2*t(z). What is o(-9)?
16
Let f(g) = -10*g**2 + 19 + 11*g + 59*g**2 + 2*g**3 - 32*g**2. Give f(-8).
-5
Suppose 1 = -2*k - 3. Let b(i) be the second derivative of -1/6*i**4 + 0 + 1/2*i**2 + 6*i + 1/6*i**3. What is b(k)?
-9
Let g = 77 + -77. Suppose g*c = 8*c. Let f(t) = 0*t**2 + 0 - t + 4 - 4*t**2 + 5*t**2. What is f(c)?
4
Let h(w) = -w**2 + 57*w - 305. Let r(x) = x**3 - 91*x**2 + 269*x - 389. Let g be r(88). Give h(g).
1
Let r(p) = -2*p - 26. Let a be 40/(-14)*22/770*-98. Calculate r(a).
-42
Let q = 546 + -358. Suppose 0 = 8*a + 212 - q. Let y(v) = -v**3 + 2*v - 3. Give y(a).
18
Let c(b) = -13*b - 3. Let x(p) = -20*p - 4. Let n(t) = -7*c(t) + 5*x(t). Let o be (-2)/4*(-1190)/119. Determine n(o).
-44
Suppose 1094*q - 1066*q + 364 = 0. Let f(c) = 2*c + 25. Determine f(q).
-1
Suppose 0 = 26899*m - 26886*m + 156. Let d(w) = -w**3 - 14*w**2 - 19*w + 51. Give d(m).
-9
Let i(n) be the third derivative of n**4/12 - n**3 - 2*n**2 + 129. Calculate i(-6).
-18
Let k(r) = -r**3 + 2*r**2 + 33*r - 2. Let d(n) = 2*n**3 - 119*n**2 + 444*n - 5. Let c be d(4). Calculate k(c).
8
Let u(i) be the first derivative of i**2 + 2*i - 1. Let j = -175 - -179. Suppose -2*v = 4*o 